118*f - 128. Give p(60).
-8
Let z(y) = -4*y**2 - 42*y + 25. Calculate z(-11).
3
Let r(n) = 2*n**2 + 2*n - 36. Calculate r(0).
-36
Let w(n) = 4*n**3 + 323*n**2 - 78*n + 241. Give w(-81).
-2
Let k(d) = -4*d**2 - 182*d - 749. Determine k(-41).
-11
Let q(n) = -n**3 + 77*n**2 + n - 69. Determine q(77).
8
Let v(n) = -34*n**2 + 2664*n - 2663. Determine v(1).
-33
Let q(x) = 122*x + 357. Determine q(-3).
-9
Let c(w) = -96*w + 3657. Give c(38).
9
Let g(l) = -25*l + 891. Give g(6).
741
Let o(i) = -85*i + 219. Determine o(-8).
899
Let g(y) = y**3 - 25*y**2 - 8*y + 75. Determine g(25).
-125
Let n(i) = i**3 + 32*i**2 - 32*i - 1963. Determine n(-31).
-10
Let l(t) = 26*t - 52. What is l(-4)?
-156
Let s(g) = 439*g + 440. Give s(-1).
1
Let y(z) = -23*z**3 + 114*z**2 - 85*z - 10. Determine y(4).
2
Let o(u) = 5*u**2 - 8268*u - 16541. Determine o(-2).
15
Let m(f) = f**2 - 55*f + 318. What is m(14)?
-256
Let t(v) = 4*v**3 + 71*v**2 - 34*v - 187. Determine t(-18).
101
Let r(k) = -8*k**2 - 60*k + 3. Calculate r(-9).
-105
Let j(p) = -77*p**2 - 1230*p + 68. Calculate j(-16).
36
Let x(d) = -191*d - 561. Give x(-3).
12
Let l(s) = -s**3 - 8*s**2 - 46*s - 212. Give l(-6).
-8
Let i(g) = -g**3 - 6*g**2 - 340*g - 2031. Give i(-6).
9
Let u(y) = -y**3 - 21*y**2 - 20*y + 68. Give u(-20).
68
Let l(b) = -19*b**2 - 3454*b + 695. Determine l(-182).
-33
Let w(a) = -45*a + 2. Calculate w(6).
-268
Let j(x) = -118*x + 295. What is j(3)?
-59
Let z(x) = x**2 - 10*x + 19. Give z(9).
10
Let c(g) = -2*g**2 - 5*g + 25. What is c(-6)?
-17
Let d(c) = -c**3 - 4*c**2 + 4*c. Give d(2).
-16
Let h(c) = -406*c + 457. Determine h(0).
457
Let j(r) = r**2 + 217*r + 4635. Calculate j(-193).
3
Let k(l) = -3995*l - 111867. Give k(-28).
-7
Let y(h) = 4*h**3 + 12*h**2 - 24*h - 23. Calculate y(-4).
9
Let l(i) = -13*i + 210. What is l(21)?
-63
Let t(v) = 325*v - 1592. Determine t(5).
33
Let l(b) = b**3 + 96*b**2 + 857*b - 23. What is l(-10)?
7
Let h(w) = -1513*w + 18190. Determine h(12).
34
Let j(v) = 6*v**2 + 90*v - 1297. Give j(-24).
-1
Let n(w) = -6*w**3 + 10*w**2 - 4*w - 2. Calculate n(4).
-242
Let u(b) = -6*b + 68. Calculate u(18).
-40
Let j(q) = q**3 - 2*q**2 - 36*q + 18. What is j(7)?
11
Let i(b) = -2*b**2 + 13*b + 96. Give i(8).
72
Let p(j) = 2*j**2 - 2378*j - 16617. Determine p(-7).
127
Let b(v) = -19*v - 292. Determine b(-17).
31
Let o(r) = -2*r**3 - 51*r**2 + 309*r - 4. Give o(5).
16
Let n(c) = -c**2 + 120*c - 1208. Give n(11).
-9
Let z(w) = -w**2 - 23*w + 47. Determine z(-10).
177
Let m(j) = 8*j**3 - 14*j - 6. Give m(-3).
-180
Let l(q) = -2*q**2 + 124*q - 1807. Calculate l(38).
17
Let x(m) = m**2 - 20*m - 38. What is x(23)?
31
Let o(z) = z**2 + 89*z + 99. Determine o(0).
99
Let f(n) = -3*n. Determine f(3).
-9
Let y(i) = -16*i**3 + 3*i**2 + 22*i + 38. What is y(-2)?
134
Let x(h) = 15*h**2 + 228*h - 1748. What is x(8)?
1036
Let v(i) = 4*i**3 - 35*i**2 - 11*i + 13. Give v(9).
-5
Let q(x) = -x**2 - 103*x - 379. Determine q(-4).
17
Let k(g) = 3*g**2 + 26*g + 98. Calculate k(-5).
43
Let c(m) = -m**3 - 10*m**2 + 37*m + 30. Calculate c(-12).
-126
Let r(y) = -5*y**2 - 168*y - 291. Determine r(-32).
-35
Let n(j) = j**2 + 163*j - 4273. Determine n(23).
5
Let j(m) = -m**2 - 4*m + 8. Calculate j(-13).
-109
Let w(d) = 28*d + 531. Give w(-17).
55
Let t(l) = -l**3 - 35*l**2 + 157*l + 34. Give t(-39).
-5
Let v(y) = -2*y**3 - 16*y**2 + 27*y + 92. Give v(-9).
11
Let g(s) = 148*s + 5. What is g(1)?
153
Let o(j) = 9*j + 132. Give o(-9).
51
Let u(r) = 7*r**2 - 461*r - 919. Give u(-2).
31
Let s(o) = -5*o**2 - 269*o + 320. Give s(-55).
-10
Let r(h) = -2*h**3 - 43*h**2 + 66*h + 944. Determine r(-22).
-24
Let w(n) = 3*n**2 + 268. Determine w(0).
268
Let l(j) = -j**3 - 11*j**2 - 12*j + 18. Determine l(-10).
38
Let m(f) = -21*f - 247. Give m(-12).
5
Let o(a) = 14*a**2 + 73*a + 21. Calculate o(-5).
6
Let b(u) = -u**3 - 38*u**2 + 33*u - 248. Give b(-39).
-14
Let l(a) = 145*a + 1136. Determine l(-8).
-24
Let s(r) = -9*r**2 - 2*r + 14. What is s(3)?
-73
Let r(n) = -n**3 + 11*n**2 - 12*n + 91. What is r(11)?
-41
Let p(i) = -505*i - 1482. What is p(-3)?
33
Let c(r) = -r**3 - 45*r**2 - 46*r - 65. Determine c(-44).
23
Let h(w) = 175*w + 1964. Determine h(-11).
39
Let v(a) = -a**2 - 57*a - 744. Calculate v(-21).
12
Let y(p) = p**3 + 4*p**2 - 5*p - 193. What is y(0)?
-193
Let d(h) = -369*h + 4431. Give d(12).
3
Let p(q) = 293*q + 7641. Give p(-26).
23
Let l(y) = 431*y - 846. What is l(2)?
16
Let j(k) = k**3 - 12*k**2 + 36*k - 44. Determine j(8).
-12
Let p(y) = -2*y**3 + 11*y**2 + 16*y - 29. Calculate p(7).
-64
Let m(l) = -l**2 + 29*l + 1780. Give m(-30).
10
Let f(z) = z**3 - 15*z**2 + 26*z + 121. Give f(12).
1
Let r(t) = 7789*t - 44. Determine r(0).
-44
Let d(p) = -603*p - 1201. Calculate d(-2).
5
Let i(n) = -14429*n + 72135. What is i(5)?
-10
Let y(d) = -85*d - 3808. Give y(-45).
17
Let r(g) = g**3 + 46*g**2 + 73*g + 101. Give r(-44).
761
Let t(l) = -3*l + 62. Give t(-29).
149
Let m(p) = 2*p**3 + 12*p**2 - 10*p - 3. What is m(1)?
1
Let k(a) = -191*a + 4575. Calculate k(24).
-9
Let a(t) = -t**3 + 24*t**2 + 30*t + 14. Determine a(25).
139
Let y(t) = -288*t + 276. Determine y(1).
-12
Let y(m) = -m**2 + 133*m + 17640. Calculate y(-82).
10
Let l(t) = t**3 - 9*t**2 - 52*t + 465. Give l(7).
3
Let r(c) = -c**3 + 20*c**2 - 78*c + 19. Give r(9).
208
Let j(o) = 89*o + 2394. What is j(-26)?
80
Let t(m) = 7594*m - 22791. What is t(3)?
-9
Let z(f) = -9*f**2 - 45*f - 4. Calculate z(-8).
-220
Let i(r) = 6*r**2 - 99*r - 730. Determine i(22).
-4
Let v(q) = -255*q - 7884. Calculate v(-31).
21
Let c(a) = -3*a**2 - 79*a + 129. Calculate c(-28).
-11
Let r(i) = -i**3 + 84*i**2 + 83*i + 178. Determine r(85).
8
Let o(l) = l**2 - 6*l - 1284. Give o(41).
151
Let y(u) = 13*u + 297. Give y(-19).
50
Let y(l) = l**3 - 15*l**2 - 3*l + 129. What is y(15)?
84
Let t(j) = -j**3 + 3*j**2 + 48*j - 182. Give t(5).
8
Let a(m) = -26*m**3 - 2*m**2 - 2*m + 4. What is a(-2)?
208
Let c(p) = 13*p**3 + 3*p**2 - 101*p + 99. What is c(1)?
14
Let g(f) = f**3 + 17*f**2 - 64*f + 415. Determine g(-21).
-5
Let g(f) = -32*f + 2305. Calculate g(73).
-31
Let k(d) = 9*d - 44. Calculate k(7).
19
Let a(z) = z**2 + 12*z - 623. Determine a(-32).
17
Let m(g) = g**3 + 9*g**2 - 55*g - 376. Give m(-6).
62
Let r(x) = -49*x - 750. Determine r(-28).
622
Let u(f) = -2*f**3 + 61*f**2 + 29*f + 83. Determine u(31).
21
Let d(l) = 120*l - 632. Determine d(8).
328
Let p(k) = -k**2 + 16*k - 32. Determine p(14).
-4
Let h(n) = -9*n + 254. What is h(15)?
119
Let c(p) = -1805*p - 7237. Determine c(-4).
-17
Let k(w) = 1227*w + 3695. Calculate k(-3).
14
Let a(c) = c**2 - 2*c - 606. Calculate a(-24).
18
Let h(p) = -p**3 + 4*p**2 + 523*p - 3058. Determine h(6).
8
Let v(h) = -302*h - 929. What is v(-3)?
-23
Let q(a) = 14*a + 49. What is q(-2)?
21
Let k(h) = 35*h - 214. Determine k(6).
-4
Let y(r) = -3*r**2 + 75*r - 426. Determine y(16).
6
Let f(n) = 4*n**2 - 171*n + 867. Give f(37).
16
Let n(a) = -1582*a - 9490. Give n(-6).
2
Let l(z) = 2*z**2 - 222*z - 1399. Calculate l(117).
5
Let w(k) = 18*k**2 - 155*k - 254. Determine w(10).
-4
Let s(n) = -n**2 - 70*n - 541. Determine s(-9).
8
Let r(q) = -q**3 + 70*q**2 - 21*q + 1474. What is r(70)?
4
Let j(t) = -68*t - 106. Give j(-1).
-38
Let x(p) = p**3 + 14*p**2 - 14*p + 2. Determine x(-8).
498
Let o(k) = -35*k**2 + 20*k - 4. Give o(-2).
-184
Let q(d) = 9*d**2 + 4*d + 5. Determine q(-5).
210
Let t(n) = -3*n**2 - 75*n + 97. Calculate t(-26).
19
Let m(x) = -x**3 + 2*x**2 + 32*x - 10. Determine m(-5).
5
Let b(q) = q**3 + 35*q**2 + 22. Give b(-35).
22
Let u(i) = -i**2 - 225*i - 5679. What is u(-29)?
5
Let k(i) = -2*i**3 - 70*i**2 - 52*i + 549. Calculate k(-34).
5
Let j(f) = -25*f**2 - 1348*f + 87. Determine j(-54).
-21
Let x(k) = -k**3 - 15*k**2 - 17*k - 52. What is x(-10)?
-382
Let d(z) = 665*z + 23272. Give d(-35).
-3
Let f(y) = 3*y**2 - 22*y + 121. What is f(4)?
81
Let p(x) = x**3 - 55*x**2 + 70*x - 857. Determine p(54).
7
Let n(t) = -3*t**3 + 13*t**2 - 2*t. Determine n(6).
-192
Let r(a) = a**2 + 3239*a - 22731. What is r(7)?
-9
Let j(c) = c**3 - 91*c**2 + 147*c + 2760. Determine j(89).
1
Let f(v) = -v**3 - 7*v**2 - 297*v - 2085. Calculate f(-7).
-6
Let q(s) = 10619*s - 223003. What is q(21)?
-4
Let t(n) = -306*n + 8765. What is t(29)?
-109
Let y(g) = 9*g**3 + 6*g**2 - 4*g 